{"id":330,"date":"2024-06-20T07:25:22","date_gmt":"2024-06-20T07:25:22","guid":{"rendered":"https:\/\/preview.metallbauexperte.ch\/sauvegarde-des-preuves\/"},"modified":"2024-06-21T07:42:12","modified_gmt":"2024-06-21T07:42:12","slug":"sauvegarde-des-preuves","status":"publish","type":"page","link":"https:\/\/www.metallbauexperte.ch\/fr\/sauvegarde-des-preuves\/","title":{"rendered":"Sauvegarde des preuves"},"content":{"rendered":"<div class=\"et_d4_element et_pb_section et_pb_section_0  et_pb_css_mix_blend_mode et_section_specialty et_block_section\" >\n\t\t\t\t\n\t\t\t\t\n\t\t\t\t\n\t\t\t\t\n\t\t\t\t\n\t\t\t\t<div class=\"et_pb_row et_block_row et_d4_element et_pb_gutters1\">\n\t\t\t\t<div class=\"et_d4_element et_pb_column_3_4 et_pb_column et_pb_column_0   et_pb_specialty_column  et_pb_css_mix_blend_mode et_block_column\">\n\t\t\t\t\n\t\t\t\t\n\t\t\t\t\n\t\t\t\t\n\t\t\t\t<div class=\"et_d4_element et_pb_row_inner et_pb_row_inner_0 et_pb_gutters2  et_pb_css_mix_blend_mode et_block_row\">\n\t\t\t\t<div class=\"et_pb_column et_pb_column_3_8 et_d4_element et_pb_column_inner et_pb_column_inner_0  et_pb_css_mix_blend_mode et_block_column\">\n\t\t\t\t\n\t\t\t\t\n\t\t\t\t\n\t\t\t\t\n\t\t\t\t<div class=\"et_pb_module et_d4_element et_pb_image et_pb_image_0\">\n\t\t\t\t\n\t\t\t\t\n\t\t\t\t\n\t\t\t\t\n\t\t\t\t<span class=\"et_pb_image_wrap \"><img loading=\"lazy\" decoding=\"async\" width=\"424\" height=\"283\" src=\"https:\/\/www.metallbauexperte.ch\/wp-content\/uploads\/2024\/06\/Beweissicherung_Fotolia_54413416_XS.jpg\" alt=\"Une personne portant des lunettes de protection, un bonnet bleu et des gants utilise un niveau \u00e0 bulle pour prendre des mesures.\" title=\"Engineer at work\" srcset=\"https:\/\/www.metallbauexperte.ch\/wp-content\/uploads\/2024\/06\/Beweissicherung_Fotolia_54413416_XS.jpg 424w, https:\/\/www.metallbauexperte.ch\/wp-content\/uploads\/2024\/06\/Beweissicherung_Fotolia_54413416_XS-300x200.jpg 300w\" sizes=\"(max-width: 424px) 100vw, 424px\" class=\"wp-image-53\" \/><\/span>\n\t\t\t<\/div>\n\t\t\t<\/div><div class=\"et_pb_column et_pb_column_3_8 et_d4_element et_pb_column_inner et_pb_column_inner_1  et_pb_css_mix_blend_mode et-last-child et_block_column\">\n\t\t\t\t\n\t\t\t\t\n\t\t\t\t\n\t\t\t\t\n\t\t\t\t<div class=\"et_pb_module et_d4_element et_pb_text et_pb_text_0  et_pb_text_align_left et_pb_bg_layout_light\">\n\t\t\t\t\n\t\t\t\t\n\t\t\t\t\n\t\t\t\t\n\t\t\t\t<div class=\"et_pb_text_inner\"><h3>Sauvegarde des preuves<\/h3><\/div>\n\t\t\t<\/div><div class=\"et_pb_module et_d4_element et_pb_text et_pb_text_1  et_pb_text_align_left et_pb_bg_layout_light\">\n\t\t\t\t\n\t\t\t\t\n\t\t\t\t\n\t\t\t\t\n\t\t\t\t<div class=\"et_pb_text_inner\">La proc\u00e9dure de sauvegarde des preuves rev\u00eat une importance extr\u00eame. Le sens et le but d\u2019une telle proc\u00e9dure sont de constater les faits. Une proc\u00e9dure neutre de sauvegarde des preuves est cruciale, notamment pour constater des vices de construction. Elle permet souvent d\u2019\u00e9viter un long proc\u00e8s. Elle donne lieu non pas \u00e0 une mise en accusation ou \u00e0 un jugement, mais \u00e0 une expertise \u00e9crite. Son objectif ne consiste pas \u00e0 pr\u00e9ciser les aspects juridiques, mais uniquement les questions factuelles.<\/p>\n<p>Si une proc\u00e9dure de sauvegarde des preuves est reconnue dans le cadre d\u2019une proc\u00e9dure judiciaire, le fournisseur doit avoir de tr\u00e8s bonnes raisons pour ne pas s\u2019acquitter de ses obligations de r\u00e9paration des vices constat\u00e9s lors de l\u2019expertise.<\/div>\n\t\t\t<\/div>\n\t\t\t<\/div>\n\t\t\t\t\n\t\t\t\t\n\t\t\t\t\n\t\t\t\t\n\t\t\t<\/div>\n\t\t\t<\/div><div class=\"et_d4_element et_pb_column_1_4 et_pb_column et_pb_column_1    et_pb_css_mix_blend_mode et_block_column\">\n\t\t\t\t\n\t\t\t\t\n\t\t\t\t\n\t\t\t\t\n\t\t\t\t<div class=\"et_pb_module et_d4_element et_pb_text et_pb_text_2  et_pb_text_align_left et_pb_bg_layout_light\">\n\t\t\t\t\n\t\t\t\t\n\t\t\t\t\n\t\t\t\t\n\t\t\t\t<div class=\"et_pb_text_inner\"><h3>T\u00e9l\u00e9phone<\/h3>\n<h4><em>+41 44 285 77 83<\/em><\/h4>\n<p><em><\/em><\/p>\n<p><strong>Contact<\/strong><br \/>Metaltec Romandie<br \/>Une association professionnelle d\u2019AM Suisse<br \/>Pool experts romands<br \/>Patricia Dousse<br \/>Rue de l'H\u00f4pital 15&lt;\/br&gt;Case postale 592<br \/>1701 Fribourg<br \/><a href=\"mailto:metaltec-experten@amsuisse.ch\">expertises@metaltecromandie.ch<\/a><\/p>\n<p>&nbsp;<\/p>\n<h5>Downloads<\/h5>\n<h4><b>Demande pour une premi\u00e8re \u00e9valuation avec visite sur place<\/b><\/h4><\/div>\n\t\t\t<\/div><div class=\"et_pb_button_module_wrapper et_pb_button_0_wrapper  et_pb_module \">\n\t\t\t\t<a class=\"et_pb_button et_d4_element et_pb_button_0 et_pb_bg_layout_light et_block_module\" href=\"https:\/\/www.metallbauexperte.ch\/wp-content\/uploads\/2024\/06\/Demande_pour_une_premiere_evaluation.pdf\" data-icon=\"\ue044\">PDF<\/a>\n\t\t\t<\/div>\n\t\t\t<\/div>\n\t\t\t\t<\/div>\n\t\t\t\t\n\t\t\t<\/div>\n","protected":false},"excerpt":{"rendered":"","protected":false},"author":1,"featured_media":0,"parent":0,"menu_order":0,"comment_status":"closed","ping_status":"closed","template":"","meta":{"_et_pb_use_builder":"on","_et_pb_old_content":"","_et_gb_content_width":"","footnotes":""},"class_list":["post-330","page","type-page","status-publish","hentry"],"_links":{"self":[{"href":"https:\/\/www.metallbauexperte.ch\/fr\/wp-json\/wp\/v2\/pages\/330","targetHints":{"allow":["GET"]}}],"collection":[{"href":"https:\/\/www.metallbauexperte.ch\/fr\/wp-json\/wp\/v2\/pages"}],"about":[{"href":"https:\/\/www.metallbauexperte.ch\/fr\/wp-json\/wp\/v2\/types\/page"}],"author":[{"embeddable":true,"href":"https:\/\/www.metallbauexperte.ch\/fr\/wp-json\/wp\/v2\/users\/1"}],"replies":[{"embeddable":true,"href":"https:\/\/www.metallbauexperte.ch\/fr\/wp-json\/wp\/v2\/comments?post=330"}],"version-history":[{"count":4,"href":"https:\/\/www.metallbauexperte.ch\/fr\/wp-json\/wp\/v2\/pages\/330\/revisions"}],"predecessor-version":[{"id":407,"href":"https:\/\/www.metallbauexperte.ch\/fr\/wp-json\/wp\/v2\/pages\/330\/revisions\/407"}],"wp:attachment":[{"href":"https:\/\/www.metallbauexperte.ch\/fr\/wp-json\/wp\/v2\/media?parent=330"}],"curies":[{"name":"wp","href":"https:\/\/api.w.org\/{rel}","templated":true}]}}

<div class="et_d4_element et_pb_section et_pb_section_0  et_pb_css_mix_blend_mode et_section_specialty et_block_section" >
				
				
				
				
				
				<div class="et_pb_row et_block_row et_d4_element et_pb_gutters1">
				<div class="et_d4_element et_pb_column_3_4 et_pb_column et_pb_column_0   et_pb_specialty_column  et_pb_css_mix_blend_mode et_block_column">
				
				
				
				
				<div class="et_d4_element et_pb_row_inner et_pb_row_inner_0 et_pb_gutters2  et_pb_css_mix_blend_mode et_block_row">
				<div class="et_pb_column et_pb_column_3_8 et_d4_element et_pb_column_inner et_pb_column_inner_0  et_pb_css_mix_blend_mode et_block_column">
				
				
				
				
				<div class="et_pb_module et_d4_element et_pb_image et_pb_image_0">
				
				
				
				
				<span class="et_pb_image_wrap "><img loading="lazy" decoding="async" width="424" height="283" src="https://www.metallbauexperte.ch/wp-content/uploads/2024/06/Beweissicherung_Fotolia_54413416_XS.jpg" alt="Une personne portant des lunettes de protection, un bonnet bleu et des gants utilise un niveau à bulle pour prendre des mesures." title="Engineer at work" srcset="https://www.metallbauexperte.ch/wp-content/uploads/2024/06/Beweissicherung_Fotolia_54413416_XS.jpg 424w, https://www.metallbauexperte.ch/wp-content/uploads/2024/06/Beweissicherung_Fotolia_54413416_XS-300x200.jpg 300w" sizes="(max-width: 424px) 100vw, 424px" class="wp-image-53" /></span>
			</div>
			</div><div class="et_pb_column et_pb_column_3_8 et_d4_element et_pb_column_inner et_pb_column_inner_1  et_pb_css_mix_blend_mode et-last-child et_block_column">
				
				
				
				
				<div class="et_pb_module et_d4_element et_pb_text et_pb_text_0  et_pb_text_align_left et_pb_bg_layout_light">
				
				
				
				
				<div class="et_pb_text_inner"><h3>Sauvegarde des preuves</h3></div>
			</div><div class="et_pb_module et_d4_element et_pb_text et_pb_text_1  et_pb_text_align_left et_pb_bg_layout_light">
				
				
				
				
				<div class="et_pb_text_inner">La procédure de sauvegarde des preuves revêt une importance extrême. Le sens et le but d’une telle procédure sont de constater les faits. Une procédure neutre de sauvegarde des preuves est cruciale, notamment pour constater des vices de construction. Elle permet souvent d’éviter un long procès. Elle donne lieu non pas à une mise en accusation ou à un jugement, mais à une expertise écrite. Son objectif ne consiste pas à préciser les aspects juridiques, mais uniquement les questions factuelles.</p>
<p>Si une procédure de sauvegarde des preuves est reconnue dans le cadre d’une procédure judiciaire, le fournisseur doit avoir de très bonnes raisons pour ne pas s’acquitter de ses obligations de réparation des vices constatés lors de l’expertise.</div>
			</div>
			</div>
				
				
				
				
			</div>
			</div><div class="et_d4_element et_pb_column_1_4 et_pb_column et_pb_column_1    et_pb_css_mix_blend_mode et_block_column">
				
				
				
				
				<div class="et_pb_module et_d4_element et_pb_text et_pb_text_2  et_pb_text_align_left et_pb_bg_layout_light">
				
				
				
				
				<div class="et_pb_text_inner"><h3>Téléphone</h3>
<h4><em>+41 44 285 77 83</em></h4>
<p><em></em></p>
<p><strong>Contact</strong><br />Metaltec Romandie<br />Une association professionnelle d’AM Suisse<br />Pool experts romands<br />Patricia Dousse<br />Rue de l'Hôpital 15&lt;/br&gt;Case postale 592<br />1701 Fribourg<br /><a href="mailto:metaltec-experten@amsuisse.ch">expertises@metaltecromandie.ch</a></p>
<p>&nbsp;</p>
<h5>Downloads</h5>
<h4><b>Demande pour une première évaluation avec visite sur place</b></h4></div>
			</div><div class="et_pb_button_module_wrapper et_pb_button_0_wrapper  et_pb_module ">
				<a class="et_pb_button et_d4_element et_pb_button_0 et_pb_bg_layout_light et_block_module" href="https://www.metallbauexperte.ch/wp-content/uploads/2024/06/Demande_pour_une_premiere_evaluation.pdf" data-icon="">PDF</a>
			</div>
			</div>
				</div>
				
			</div>
