{"id":333,"date":"2024-06-20T07:25:22","date_gmt":"2024-06-20T07:25:22","guid":{"rendered":"https:\/\/preview.metallbauexperte.ch\/accertamento-tecnico-preventivo\/"},"modified":"2024-06-21T07:42:12","modified_gmt":"2024-06-21T07:42:12","slug":"accertamento-tecnico-preventivo","status":"publish","type":"page","link":"https:\/\/www.metallbauexperte.ch\/it\/accertamento-tecnico-preventivo\/","title":{"rendered":"Accertamento tecnico preventivo"},"content":{"rendered":"<div class=\"et_d4_element et_pb_section et_pb_section_0  et_pb_css_mix_blend_mode et_section_specialty et_block_section\" >\n\t\t\t\t\n\t\t\t\t\n\t\t\t\t\n\t\t\t\t\n\t\t\t\t\n\t\t\t\t<div class=\"et_pb_row et_block_row et_d4_element et_pb_gutters1\">\n\t\t\t\t<div class=\"et_d4_element et_pb_column_3_4 et_pb_column et_pb_column_0   et_pb_specialty_column  et_pb_css_mix_blend_mode et_block_column\">\n\t\t\t\t\n\t\t\t\t\n\t\t\t\t\n\t\t\t\t\n\t\t\t\t<div class=\"et_d4_element et_pb_row_inner et_pb_row_inner_0 et_pb_gutters2  et_pb_css_mix_blend_mode et_block_row\">\n\t\t\t\t<div class=\"et_pb_column et_pb_column_3_8 et_d4_element et_pb_column_inner et_pb_column_inner_0  et_pb_css_mix_blend_mode et_block_column\">\n\t\t\t\t\n\t\t\t\t\n\t\t\t\t\n\t\t\t\t\n\t\t\t\t<div class=\"et_pb_module et_d4_element et_pb_image et_pb_image_0\">\n\t\t\t\t\n\t\t\t\t\n\t\t\t\t\n\t\t\t\t\n\t\t\t\t<span class=\"et_pb_image_wrap \"><img loading=\"lazy\" decoding=\"async\" width=\"424\" height=\"283\" src=\"https:\/\/www.metallbauexperte.ch\/wp-content\/uploads\/2024\/06\/Beweissicherung_Fotolia_54413416_XS.jpg\" alt=\"Una persona che indossa occhiali di sicurezza, un berretto blu e guanti utilizza una livella a bolla per la misurazione.\" title=\"Engineer at work\" srcset=\"https:\/\/www.metallbauexperte.ch\/wp-content\/uploads\/2024\/06\/Beweissicherung_Fotolia_54413416_XS.jpg 424w, https:\/\/www.metallbauexperte.ch\/wp-content\/uploads\/2024\/06\/Beweissicherung_Fotolia_54413416_XS-300x200.jpg 300w\" sizes=\"(max-width: 424px) 100vw, 424px\" class=\"wp-image-53\" \/><\/span>\n\t\t\t<\/div>\n\t\t\t<\/div><div class=\"et_pb_column et_pb_column_3_8 et_d4_element et_pb_column_inner et_pb_column_inner_1  et_pb_css_mix_blend_mode et-last-child et_block_column\">\n\t\t\t\t\n\t\t\t\t\n\t\t\t\t\n\t\t\t\t\n\t\t\t\t<div class=\"et_pb_module et_d4_element et_pb_text et_pb_text_0  et_pb_text_align_left et_pb_bg_layout_light\">\n\t\t\t\t\n\t\t\t\t\n\t\t\t\t\n\t\t\t\t\n\t\t\t\t<div class=\"et_pb_text_inner\"><h3>Accertamento tecnico preventivo<\/h3><\/div>\n\t\t\t<\/div><div class=\"et_pb_module et_d4_element et_pb_text et_pb_text_1  et_pb_text_align_left et_pb_bg_layout_light\">\n\t\t\t\t\n\t\t\t\t\n\t\t\t\t\n\t\t\t\t\n\t\t\t\t<div class=\"et_pb_text_inner\">L'accertamento tecnico preventivo \u00e8 di fondamentale importanza. Il senso e lo scopo di questo procedimento \u00e8 accertare i fatti. In particolare, un accertamento tecnico preventivo neutrale \u00e8 fondamentale quando vengono constatati vizi di costruzione perch\u00e9, spesso. questa misura cautelare permette di evitare complessi processi edilizi. Al termine non viene imputata alcuna colpa e non si formula alcun giudizio, bens\u00ec viene stilata una perizia. Non si chiariscono questioni giuridiche ma solo questioni di fatto.<\/p>\n<p>Se in una procedura giudiziaria viene riconosciuto un accertamento tecnico preventivo, il fornitore deve addurre ottime motivazioni per non adempiere al suo obbligo di eliminare i difetti rilevati dalla perizia.<\/div>\n\t\t\t<\/div>\n\t\t\t<\/div>\n\t\t\t\t\n\t\t\t\t\n\t\t\t\t\n\t\t\t\t\n\t\t\t<\/div>\n\t\t\t<\/div><div class=\"et_d4_element et_pb_column_1_4 et_pb_column et_pb_column_1    et_pb_css_mix_blend_mode et_block_column\">\n\t\t\t\t\n\t\t\t\t\n\t\t\t\t\n\t\t\t\t\n\t\t\t\t<div class=\"et_pb_module et_d4_element et_pb_text et_pb_text_2  et_pb_text_align_left et_pb_bg_layout_light\">\n\t\t\t\t\n\t\t\t\t\n\t\t\t\t\n\t\t\t\t\n\t\t\t\t<div class=\"et_pb_text_inner\"><h3>Telefono<\/h3>\n<h4><em>+41 44 285 77 83<\/em><\/h4>\n<p><em><\/em><\/p>\n<p><strong>Contatto<\/strong><br \/>Metaltec Suisse<br \/>Associazione professionale di AM Suisse<br \/>Johannes Bucher<br \/>Capo progetto tecnica Metaltec Suisse<br \/>Seestrasse 105<br \/>8002 Z\u00fcrich<br \/><a href=\"mailto:metaltec-experten@amsuisse.ch\">metaltec-experten@amsuisse.ch<\/a><\/p>\n<p>&nbsp;<\/p>\n<h5>Downloads<\/h5>\n<h4><b>Richiesta di valutazione iniziale con ispezione visiva<\/b><\/h4><\/div>\n\t\t\t<\/div><div class=\"et_pb_button_module_wrapper et_pb_button_0_wrapper  et_pb_module \">\n\t\t\t\t<a class=\"et_pb_button et_d4_element et_pb_button_0 et_pb_bg_layout_light et_block_module\" href=\"https:\/\/www.metallbauexperte.ch\/wp-content\/uploads\/2024\/06\/Richiesta_di_valutazione_iniziale_con_ispezione_visiva.pdf\" data-icon=\"\ue044\">PDF<\/a>\n\t\t\t<\/div>\n\t\t\t<\/div>\n\t\t\t\t<\/div>\n\t\t\t\t\n\t\t\t<\/div>\n","protected":false},"excerpt":{"rendered":"","protected":false},"author":1,"featured_media":0,"parent":0,"menu_order":0,"comment_status":"closed","ping_status":"closed","template":"","meta":{"_et_pb_use_builder":"on","_et_pb_old_content":"","_et_gb_content_width":"","footnotes":""},"class_list":["post-333","page","type-page","status-publish","hentry"],"_links":{"self":[{"href":"https:\/\/www.metallbauexperte.ch\/it\/wp-json\/wp\/v2\/pages\/333","targetHints":{"allow":["GET"]}}],"collection":[{"href":"https:\/\/www.metallbauexperte.ch\/it\/wp-json\/wp\/v2\/pages"}],"about":[{"href":"https:\/\/www.metallbauexperte.ch\/it\/wp-json\/wp\/v2\/types\/page"}],"author":[{"embeddable":true,"href":"https:\/\/www.metallbauexperte.ch\/it\/wp-json\/wp\/v2\/users\/1"}],"replies":[{"embeddable":true,"href":"https:\/\/www.metallbauexperte.ch\/it\/wp-json\/wp\/v2\/comments?post=333"}],"version-history":[{"count":7,"href":"https:\/\/www.metallbauexperte.ch\/it\/wp-json\/wp\/v2\/pages\/333\/revisions"}],"predecessor-version":[{"id":408,"href":"https:\/\/www.metallbauexperte.ch\/it\/wp-json\/wp\/v2\/pages\/333\/revisions\/408"}],"wp:attachment":[{"href":"https:\/\/www.metallbauexperte.ch\/it\/wp-json\/wp\/v2\/media?parent=333"}],"curies":[{"name":"wp","href":"https:\/\/api.w.org\/{rel}","templated":true}]}}

<div class="et_d4_element et_pb_section et_pb_section_0  et_pb_css_mix_blend_mode et_section_specialty et_block_section" >
				
				
				
				
				
				<div class="et_pb_row et_block_row et_d4_element et_pb_gutters1">
				<div class="et_d4_element et_pb_column_3_4 et_pb_column et_pb_column_0   et_pb_specialty_column  et_pb_css_mix_blend_mode et_block_column">
				
				
				
				
				<div class="et_d4_element et_pb_row_inner et_pb_row_inner_0 et_pb_gutters2  et_pb_css_mix_blend_mode et_block_row">
				<div class="et_pb_column et_pb_column_3_8 et_d4_element et_pb_column_inner et_pb_column_inner_0  et_pb_css_mix_blend_mode et_block_column">
				
				
				
				
				<div class="et_pb_module et_d4_element et_pb_image et_pb_image_0">
				
				
				
				
				<span class="et_pb_image_wrap "><img loading="lazy" decoding="async" width="424" height="283" src="https://www.metallbauexperte.ch/wp-content/uploads/2024/06/Beweissicherung_Fotolia_54413416_XS.jpg" alt="Una persona che indossa occhiali di sicurezza, un berretto blu e guanti utilizza una livella a bolla per la misurazione." title="Engineer at work" srcset="https://www.metallbauexperte.ch/wp-content/uploads/2024/06/Beweissicherung_Fotolia_54413416_XS.jpg 424w, https://www.metallbauexperte.ch/wp-content/uploads/2024/06/Beweissicherung_Fotolia_54413416_XS-300x200.jpg 300w" sizes="(max-width: 424px) 100vw, 424px" class="wp-image-53" /></span>
			</div>
			</div><div class="et_pb_column et_pb_column_3_8 et_d4_element et_pb_column_inner et_pb_column_inner_1  et_pb_css_mix_blend_mode et-last-child et_block_column">
				
				
				
				
				<div class="et_pb_module et_d4_element et_pb_text et_pb_text_0  et_pb_text_align_left et_pb_bg_layout_light">
				
				
				
				
				<div class="et_pb_text_inner"><h3>Accertamento tecnico preventivo</h3></div>
			</div><div class="et_pb_module et_d4_element et_pb_text et_pb_text_1  et_pb_text_align_left et_pb_bg_layout_light">
				
				
				
				
				<div class="et_pb_text_inner">L'accertamento tecnico preventivo è di fondamentale importanza. Il senso e lo scopo di questo procedimento è accertare i fatti. In particolare, un accertamento tecnico preventivo neutrale è fondamentale quando vengono constatati vizi di costruzione perché, spesso. questa misura cautelare permette di evitare complessi processi edilizi. Al termine non viene imputata alcuna colpa e non si formula alcun giudizio, bensì viene stilata una perizia. Non si chiariscono questioni giuridiche ma solo questioni di fatto.</p>
<p>Se in una procedura giudiziaria viene riconosciuto un accertamento tecnico preventivo, il fornitore deve addurre ottime motivazioni per non adempiere al suo obbligo di eliminare i difetti rilevati dalla perizia.</div>
			</div>
			</div>
				
				
				
				
			</div>
			</div><div class="et_d4_element et_pb_column_1_4 et_pb_column et_pb_column_1    et_pb_css_mix_blend_mode et_block_column">
				
				
				
				
				<div class="et_pb_module et_d4_element et_pb_text et_pb_text_2  et_pb_text_align_left et_pb_bg_layout_light">
				
				
				
				
				<div class="et_pb_text_inner"><h3>Telefono</h3>
<h4><em>+41 44 285 77 83</em></h4>
<p><em></em></p>
<p><strong>Contatto</strong><br />Metaltec Suisse<br />Associazione professionale di AM Suisse<br />Johannes Bucher<br />Capo progetto tecnica Metaltec Suisse<br />Seestrasse 105<br />8002 Zürich<br /><a href="mailto:metaltec-experten@amsuisse.ch">metaltec-experten@amsuisse.ch</a></p>
<p>&nbsp;</p>
<h5>Downloads</h5>
<h4><b>Richiesta di valutazione iniziale con ispezione visiva</b></h4></div>
			</div><div class="et_pb_button_module_wrapper et_pb_button_0_wrapper  et_pb_module ">
				<a class="et_pb_button et_d4_element et_pb_button_0 et_pb_bg_layout_light et_block_module" href="https://www.metallbauexperte.ch/wp-content/uploads/2024/06/Richiesta_di_valutazione_iniziale_con_ispezione_visiva.pdf" data-icon="">PDF</a>
			</div>
			</div>
				</div>
				
			</div>
